{"id":762,"date":"2020-07-21T20:45:25","date_gmt":"2020-07-21T18:45:25","guid":{"rendered":"http:\/\/www.dr-gubo.at\/cms\/?page_id=762"},"modified":"2025-06-04T17:13:23","modified_gmt":"2025-06-04T15:13:23","slug":"datenschutz","status":"publish","type":"page","link":"https:\/\/www.dr-gubo.at\/cms\/index.php\/datenschutz\/","title":{"rendered":"Datenschutz"},"content":{"rendered":"\n<p><strong>Datenschutzerkl\u00e4rung<\/strong><br>Diese Website wird betrieben von <strong>Dr. Friderike Gubo und Dr. Edgar Gubo<\/strong>, in der Folge \u201ewir\u201c genannt, mit Sitz in der M\u00fchlbachgasse 7, 4840 V\u00f6cklabruck, \u00d6sterreich. In dieser Datenschutzerkl\u00e4rung wird von uns als Verantwortlichem nach Art. 4 Abs. 7 EU-DSGVO beschrieben, welche Daten wir bei Ihrem Besuch auf unserer Website erheben und zu welchem Zweck wir diese verarbeiten. Alle relevanten Kontaktdaten entnehmen Sie bitte Punkt 10 dieser Datenschutzerkl\u00e4rung.<br>Da uns der Schutz Ihrer personenbezogenen Daten ein besonderes Anliegen ist, halten wir uns beim Erheben und Verarbeiten Ihrer personenbezogenen Daten streng an die gesetzlichen Vorgaben des DSG und der EU-DSGVO.<br>Im Folgenden informieren wir Sie detailliert \u00fcber den Umfang und den Zweck unserer Datenverarbeitung sowie Ihre Rechte als Betroffene\/r der Datenverarbeitung. Lesen Sie unsere Datenschutzerkl\u00e4rung daher bitte genau durch, bevor Sie unsere Website weiter nutzen und gegebenenfalls Ihre Einwilligung zu einer Datenverarbeitung geben.<br><br><strong>1. Personenbezogene Daten<\/strong><br>Die Nutzung unserer Website ist grunds\u00e4tzlich ohne Angabe von personenbezogenen Daten m\u00f6glich. F\u00fcr die Nutzung einzelner Services k\u00f6nnen sich jedoch abweichende Regelungen ergeben, auf die wir Sie gesondert hinweisen.<br>Von uns werden also \u2013 abgesehen von den nachfolgend noch im Detail beschriebenen Cookies \u2013 grunds\u00e4tzlich nur diejenigen Daten erfasst und gespeichert, die Sie uns selbst dadurch mitteilen, dass Sie diese in unseren Eingabemasken einf\u00fcgen oder auf sonstige Art und Weise aktiv mit unserer Website interagieren.<br>Personenbezogene Daten sind alle Informationen, die sich auf eine identifizierte oder identifizierbare nat\u00fcrliche Person beziehen. Darunter fallen beispielsweise Ihr Name, Ihre Anschrift, Ihre Telefonnummer oder Ihr Geburtsdatum, aber auch Ihre IP-Adresse oder Geolokationsdaten, die einen R\u00fcckschluss auf Sie zulassen.<br><strong><br>2. Verwendung von Cookies<\/strong><br><strong>a.\u00a0<\/strong>Sofern Sie unsere Website lediglich zu Informationszwecken nutzen, also wenn Sie sich nicht f\u00fcr einen Service registrieren oder uns \u2013 etwa \u00fcber ein Kontaktformular \u2013 anderweitig Informationen \u00fcbermitteln, erheben wir nur die personenbezogenen Daten, die Ihr Browser an unseren Server \u00fcbermittelt. Sofern Sie also unsere Website besuchen m\u00f6chten, erheben wir die nachfolgend angef\u00fchrten Daten, die f\u00fcr uns technisch erforderlich sind, um Ihnen die Website anzuzeigen und deren Stabilit\u00e4t und Sicherheit gem. Art. 6 Abs. 1 S. 1 lit. f EU-DSGVO zu gew\u00e4hrleisten:<br>\uf0b7 IP-Adresse<br>\uf0b7 Datum und Uhrzeit der Anfrage<br>\uf0b7 Zeitzonendifferenz zur Greenwich Mean Time (GMT)<br>\uf0b7 Inhalt der Anforderung<br>\uf0b7 Zugriffsstatus \/ http-Statuscode<br>\uf0b7 Jeweils \u00fcbertragene Datenmenge<br>\uf0b7 Website, von der die Anforderung kommt<br>\uf0b7 Verwendeter Browser<br>\uf0b7 Betriebssystem und dessen Oberfl\u00e4che<br>\uf0b7 Sprache und Version der Browsersoftware<br><strong>b.\u00a0<\/strong>Erg\u00e4nzend zu den zuvor genannten Daten werden bei Ihrer Nutzung unserer Website First Party Cookies auf Ihrem Rechner gespeichert; dies sind kleine Textdateien, die auf Ihrer Festplatte in dem von Ihnen verwendeten Browser zugeordnet gespeichert werden. Die Stelle, die einen Cookie setzt (hier erfolgt dies durch uns), erh\u00e4lt dadurch bestimmte Informationen. Diese Cookies ben\u00f6tigen wir einerseits um Sie als Nutzer der Website zu erkennen und andererseits, um die Nutzung unserer Services nachvollziehbar machen zu k\u00f6nnen. First Party Cookies werden von uns bzw. unserer Website selbst in Ihrem Browser gespeichert, um Ihnen eine bestm\u00f6gliche Nutzung zu bieten.<br><strong>c.\u00a0<\/strong>Unsere Website(s) nutzen folgende Arten von Cookies, deren Umfang und Funkti-onsweise im Folgenden erl\u00e4utert werden:<br>\uf0b7 Transiente Cookies<br>Transiente Cookies werden automatisiert gel\u00f6scht, wenn Sie Ihren Browser schlie\u00dfen. Dazu z\u00e4hlen insbesondere Session-Cookies, diese speichern eine sogenannte Session-ID, mit welcher sich verschiedene Anfragen Ihres Browsers der gemeinsamen Sitzung zuordnen lassen. Dadurch kann Ihr Rechner wiedererkannt werden, wenn Sie auf unsere Website zur\u00fcckkehren. Diese Session-Cookies werden gel\u00f6scht, wenn Sie sich ausloggen oder den Browser schlie\u00dfen.<br>\uf0b7 Persistente Cookies<br>Persistente Cookies werden automatisiert nach einer vorgegebenen Dauer gel\u00f6scht, die sich je nach Cookie unterscheiden kann. Sie selbst k\u00f6nnen die Cookies jedoch in Ihren Browsereinstellungen jederzeit l\u00f6schen.<br><strong>d.\u00a0<\/strong>Es ist Ihnen m\u00f6glich, Ihre Browsereinstellungen dahingehend abzu\u00e4ndern, dass Sie beispielsweise die Annahme von Third-Party-Cookies oder allen Cookies ablehnen. In diesem Fall m\u00fcssen wir Sie jedoch darauf hinweisen, dass Sie eventuell nicht mehr alle Funktionen unserer Website nutzen k\u00f6nnen.<br><strong><br>3. Erhebung und Verarbeitung personenbezogener Daten<\/strong><br>Personenbezogene Daten, die \u00fcber die durch Cookies gespeicherten Informationen hinausgehen, werden von uns ausschlie\u00dflich verarbeitet, wenn Sie uns diese von sich aus freiwillig mitteilen, beispielsweise wenn Sie sich bei uns registrieren, in eine Vertragsbeziehung mit uns eintreten oder sonst mit uns in Kontakt treten. Dabei handelt es sich ausschlie\u00dflich um Kontaktdaten sowie Informationen zu den Anliegen, mit denen Sie an uns herantreten.<br>Wir verwenden die von Ihnen angegebenen personenbezogenen Daten ausschlie\u00dflich insoweit, als dies im Rahmen der Erf\u00fcllung des jeweiligen Zwecks der Verarbeitung (zB die Registrierung oder die Newsletter-Versendung) erforderlich und dies gesetzlich (insb. gem. Art. 6 EU-DSGVO) zul\u00e4ssig ist.<br>Zweck der Verarbeitung Ihrer Daten ist das Betreiben unserer Website. Eine dar\u00fcberhinausgehende Verwendung Ihrer Daten findet nur insoweit statt, als Sie zuvor ausdr\u00fccklich eingewilligt haben. Ihre Einwilligung k\u00f6nnen Sie \u2013 wie nachstehend noch detailliert erl\u00e4utert \u2013 jederzeit f\u00fcr die Zukunft widerrufen.<br><strong><br>4. Speicherdauer<\/strong><br>Daten, die Sie uns ausschlie\u00dflich f\u00fcr Informationszwecke zur Verf\u00fcgung gestellt haben, speichern wir grunds\u00e4tzlich bis zum Ablauf von drei Jahren nach unserem letzten Kontakt. Sofern Sie dies w\u00fcnschen, werden wir Ihre Daten jedoch auch vor Ablauf dieser Frist l\u00f6schen, sofern kein gesetzliches Hindernis dem entgegensteht.<br>Im Falle einer \u00e4rztlichen Behandlung speichern wir Ihre personenbezogenen Daten bis zum Ablauf der f\u00fcr uns geltenden, gesetzlichen Aufbewahrungsfristen.<br><strong><br>5. Newsletter<\/strong><br>Sie haben die M\u00f6glichkeit, unseren kostenlosen Newsletter zu abonnieren. Mit diesem Newsletter erhalten Sie in mehrmonatigen Abst\u00e4nden aktuelle Neuigkeiten und Informationen. Um unseren Newsletter empfangen zu k\u00f6nnen, ben\u00f6tigen sie eine g\u00fcltige E-Mail-Adresse. Ausserdem ersuchen wir um ihren Namen f\u00fcr die korrekte Anrede im Newsletter.<br>Die von Ihnen in unserer Anmeldemaske eingetragene E-Mail-Adresse \u00fcberpr\u00fcfen wir dahingehend, ob der Empfang von Newslettern tats\u00e4chlich gew\u00fcnscht ist. Dies erfolgt dadurch, dass wir Ihnen an die von Ihnen genannte E-Mail-Adresse eine E-Mail schicken, deren Erhalt Sie durch Klick auf einen zur Verf\u00fcgung gestellten Link best\u00e4tigen k\u00f6nnen. Nach Best\u00e4tigung der E-Mail sind Sie f\u00fcr unseren Newsletter angemeldet. (Double Opt-In)<br>Bereits mit erster Anmeldung zum Newsletter speichern wir Ihre IP-Adresse, das Datum und die Uhrzeit Ihrer Anmeldung. Dies geschieht aus Sicherheitsgr\u00fcnden f\u00fcr den Fall, dass ein Dritter Ihre E-Mail-Adresse missbraucht und ohne Ihr Wissen unseren Newsletter abonniert. Weitere Daten werden von uns f\u00fcr das Newsletter-Abonnement nicht erhoben und verarbeitet, die Daten werden ausschlie\u00dflich f\u00fcr den Bezug des Newsletters verwendet.<br>Eine Weitergabe Ihrer Daten zur Newsletter-Anmeldung an Dritte erfolgt nicht. Den Bezug unserer Newsletters k\u00f6nnen Sie jederzeit beenden, die Details zur Abmeldung finden Sie im Best\u00e4tigungsmail und in jedem einzelnen Newsletter.<br><strong><br>6. Verwendete Tools und Applikationen<\/strong><br><strong>a.\u00a0<\/strong>Wir verwenden Google Analytics, dabei handelt es sich um einen Webanalyse-Dienst der Google Inc., 1600 Amphitheatre Parkway, Mountain View, CA 94043, USA. Dieser Dienst verwendet Cookies, deren Funktionalit\u00e4t bereits zuvor ausf\u00fchrlich dargelegt wurde. Die durch diese Cookies erzeugten Informationen \u00fcber Ihre Benutzung dieser Website werden in der Regel an einen Server von Google \u00fcbertragen und dort gespeichert.<br>In unserem Auftrag benutzt Google diese Informationen, um Ihre Nutzung unserer Website auszuwerten, um Reports \u00fcber die Websiteaktivit\u00e4ten zusammenzustellen und um weitere mit der Websitenutzung und der Internetnutzung verbundene Dienstleistungen gegen\u00fcber dem Websitebetreiber zu erbringen. Die im Rahmen von Google Analytics von Ihrem Browser \u00fcbermittelte IP-Adresse wird nicht mit anderen Daten von Google zusammengef\u00fchrt.<br>Sie k\u00f6nnen die Speicherung der von Google Analytics ben\u00f6tigten Cookies durch eine entsprechende Einstellung Ihrer Browser-Software verhindern, was allerdings dazu f\u00fchren kann, dass Sie gegebenenfalls nicht s\u00e4mtliche Funktionen dieser Website vollumf\u00e4nglich nutzen k\u00f6nnen. Die Erfassung der durch das Cookie erzeugten und auf Ihre Nutzung der Website bezogenen Daten (inkl. Ihrer IP-Adresse) sowie deren \u00dcbermittlung und Verarbeitung durch Google k\u00f6nnen Sie auch verhindern, indem sie das unter dem folgenden Link verf\u00fcgbare Browser-Plugin herunterladen und installieren: http:\/\/tools.google.com\/dlpage\/gaoptout?hl=de<br>Sollten Sie weiterf\u00fchrende Informationen zu Art, Umfang und Zweck der von Google erhobenen Daten informieren wollen, empfehlen wir Ihnen, deren Datenschutzbe-stimmungen zu lesen. https:\/\/support.google.com\/analytics\/answer\/6004245?hl=de<br>Google verarbeitet Ihre Daten auch in den USA und hat sich dem EU-US Privacy Shield unterworfen.<br><strong>b.\u00a0<\/strong>Auf unserer Website nutzen wir zudem die Angebote von Google Maps. Dadurch k\u00f6nnen wir Ihnen interaktive Karten direkt auf unserer Website anzeigen und erm\u00f6glichen Ihnen die komfortable Nutzung der Kartenfunktion, um unseren Standort zu finden und Ihre Anreise zu erleichtern.<br>Durch den Besuch unserer Website erh\u00e4lt Google die Information, dass Sie die entsprechende Subsite unserer Website aufgerufen haben und die unter 2. angef\u00fchrten personenbezogenen Daten. Dies erfolgt unabh\u00e4ngig davon, ob Sie \u00fcber einen Google-Account eingeloggt sind oder nicht. Sofern Sie bei Google eingeloggt sind, werden Ihre Daten direkt Ihrem Account zugeordnet. Sofern Sie dies nicht w\u00fcnschen, m\u00fcssen Sie sich vor Nutzung dieses Service bei Google ausloggen. Google nutzt Ihre Daten zu Zwecken der Werbung, Marktforschung und bedarfsgerechter Websitegestaltung. Ihnen steht ein Widerspruchsrecht gegen die diesbez\u00fcgliche Nutzung Ihrer Daten zu, das Sie direkt an Google richten m\u00fcssen.<br>Weitere Informationen zu Zweck und Umfang der Datenerhebung erhalten Sie in der Datenschutzerkl\u00e4rung von Google, diese finden Sie unter http:\/\/www.google.de\/intl\/de\/policies\/privacy. Google verarbeitet Ihre Daten auch in den USA und hat sich dem EU-US Privacy Shield unterworfen.<br><strong>c.\u00a0<\/strong>Auf unserer Website setzen wir auch Links zu anderen Websites; dies erfolgt lediglich zu Informationszwecken. Diese Websites stehen nicht unter unserer Kontrolle und fallen daher nicht unter die Bestimmungen dieser Datenschutzerkl\u00e4rung. Sollten Sie jedoch einen Link aktivieren, ist es m\u00f6glich, dass der Betreiber dieser Website Daten \u00fcber Sie erhebt und diese gem\u00e4\u00df seiner Datenschutzerkl\u00e4rung, die von unserer abweichen kann, verarbeitet. Bitte informieren Sie sich stets auch auf den von uns verlinkten Websites \u00fcber die aktuellen Datenschutzbestimmungen.<br><strong><br>7. Daten\u00fcbermittlung<\/strong><br>Eine \u00dcbermittlung Ihrer Daten an Dritte findet grunds\u00e4tzlich nicht statt, es sei denn, wir sind gesetzlich dazu verpflichtet, die Datenweitergabe ist zur Durchf\u00fchrung eines zwischen uns abgeschlossenen Vertragsverh\u00e4ltnisses erforderlich oder Sie haben zuvor ausdr\u00fccklich in die Weitergabe Ihrer Daten eingewilligt. Externe Auftragsverarbeiter oder sonstige Kooperationspartner erhalten Ihre Daten nur, soweit dies zur Vertragsabwicklung erforderlich ist oder wir ein berechtigtes Interesse daran haben, das wir stets im Anlassfall gesondert bekannt geben. Soweit einer unserer Auftragsverarbeiter mit Ihren personenbezogenen Daten in Ber\u00fchrung kommt, stellen wir sicher, dass diese die Vorschriften der Datenschutzgesetze in gleicher Weise einh\u00e4lt wie wir.<br>Ihre personenbezogenen Daten werden von uns nicht an Dritte ver\u00e4u\u00dfert oder anderweitig vermarktet.<br><strong><br>8. Sicherheit<\/strong><br>Wir setzen zahlreiche technische und organisatorische Sicherheitsma\u00dfnahmen ein, um Ihre Daten gegen Manipulationen, Verlust, Zerst\u00f6rung und gegen den Zugriff Dritter zu sch\u00fctzen. Unsere Sicherheitsma\u00dfnahmen werden entsprechend der technologischen Entwicklung im Internet laufend verbessert. Sollten Sie n\u00e4here Informationen zu Art und Umfang der von uns ergriffenen technischen und organisatorischen Ma\u00dfnahmen haben, stehen wir f\u00fcr diesbez\u00fcgliche schriftliche Anfragen jederzeit gerne zur Verf\u00fcgung.<br><br><strong>9. Ihre Rechte<\/strong><br>Gem\u00e4\u00df der Datenschutz-Grundverordnung und dem Datenschutzgesetz stehen Ihnen als betroffene Person unserer Datenverarbeitung folgende Rechte und Rechtsbehelfe zu:<br>\uf0b7 Recht auf Auskunft (Art. 15 EU-DSGVO)<br>Sie haben als betroffene Person der oben beschriebenen und sonstigen Datenverarbeitung das Recht, Auskunft dar\u00fcber zu verlangen, ob und wenn ja, welche personenbezogenen Daten \u00fcber sie verarbeitet werden. Zu Ihrem eigenen Schutz \u2013 damit niemand Unberechtigter Auskunft \u00fcber Ihre Daten erh\u00e4lt \u2013 werden wir vor Auskunftserteilung ihre Identit\u00e4t in geeigneter Form nachpr\u00fcfen.<br>\uf0b7 Recht auf Berichtigung (Art. 16) und L\u00f6schung (Art. 17 EU-DSGVO)<br>Sie haben das Recht, unverz\u00fcglich die Berichtigung Sie betreffender unrichtiger personenbezogener Daten bzw. \u2013 unter Ber\u00fccksichtigung der Zwecke der Datenverarbeitung \u2013 die Vervollst\u00e4ndigung unvollst\u00e4ndiger personenbezogener Daten sowie die L\u00f6schung Ihrer Daten zu verlangen, sofern die Kriterien des Art. 17 EU-DSGVO erf\u00fcllt sind.<br>\uf0b7 Recht auf Einschr\u00e4nkung der Verarbeitung (Art. 18 EU-DSGVO)<br>Sie haben unter den gesetzlichen Voraussetzungen das Recht auf Einschr\u00e4nkung der Verarbeitung s\u00e4mtlicher erhobener personenbezogener Daten. Diese Daten werden ab dem Einschr\u00e4nkungsantrag nur mehr mit Ihrer individuellen Einwilligung bzw. zur Geltendmachung und Durchsetzung von Rechtsanspr\u00fc-chen verarbeitet.<br>\uf0b7 Recht auf Daten\u00fcbertragbarkeit (Art. 20 EU-DSGVO)<br>Sie k\u00f6nnen die ungehinderte und uneingeschr\u00e4nkte \u00dcbermittlung von personenbezogenen Daten, die Sie uns bereitgestellt haben, an Sie oder einen Dritten verlangen.<br>\uf0b7 Widerspruchsrecht (Art. 21 EU-DSGVO)<br>Sie k\u00f6nnen aus Gr\u00fcnden, die sich aus ihrer besonderen Situation ergeben, jederzeit Widerspruch gegen die Verarbeitung der Sie betreffenden personenbezogenen Daten, die zur Wahrung unserer berechtigten Interessen oder der eines Dritten erforderlich sind, einlegen. Ihre Daten werden nach Widerspruch nicht mehr verarbeitet, es sei denn, es liegen zwingende schutzw\u00fcrdige Gr\u00fcnde f\u00fcr die Verarbeitung vor, die Ihre Interessen, Rechte und Freiheiten \u00fcberwiegen oder die Verarbeitung dient der Geltendmachung, Aus\u00fcbung oder Ver-teidigung von Rechtsanspr\u00fcchen. Gegen die Datenverarbeitung zum Zweck der Direktwerbung k\u00f6nnen Sie jederzeit Widerspruch mit Wirkung f\u00fcr die Zukunft erheben.<br>\uf0b7 Widerruf einer Einwilligung<br>Falls Sie separat eine Einwilligung zur Verarbeitung Ihrer Daten erteilt haben, k\u00f6nnen Sie diese jederzeit widerrufen. Ein solcher Widerruf beeinflusst die Zul\u00e4ssigkeit der Verarbeitung Ihrer personenbezogenen Daten, nachdem Sie ihn uns gegen\u00fcber ausgesprochen haben.<br>Ergreifen Sie eine Ma\u00dfnahme zur Durchsetzung Ihrer oben aufgef\u00fchrten Rechte aus der DSGVO, so haben wir unverz\u00fcglich, sp\u00e4testens aber innerhalb eines Monats nach Eingang Ihres Antrags, zur beantragten Ma\u00dfnahme Stellung zu nehmen bzw. dem Antrag zu entsprechen.<br><strong>Wir werden auf alle angemessenen Anfragen im gesetzlichen Rahmen unentgeltlich und m\u00f6glichst umgehend reagieren.<\/strong><br>F\u00fcr Antr\u00e4ge betreffend Verletzung des Rechtes auf Auskunft, Verletzung der Rechte auf Geheimhaltung, auf Richtigstellung oder auf L\u00f6schung ist die Datenschutzbeh\u00f6rde zust\u00e4ndig. Deren Kontaktdaten lauten:<br>\u00d6sterreichische Datenschutzbeh\u00f6rde<br>Wickenburggasse 8<br>1080 Wien<br>dsb@dsb.gv.at<br><br><strong>10. Kontaktinformationen der Verantwortlichen<\/strong>:<br><strong>Dr. Friderike Gubo und Dr. Edgar Gubo<\/strong><br>Fach\u00e4rzte f\u00fcr Allgemeinmedizin und Familienmedizin (Diplom erworben in der Republik \u00d6sterreich)<\/p>\n\n\n\n<p>M\u00fchlbachgasse 7<br>4840 V\u00f6cklabruck<br>\u00d6sterreich<br>Tel.: +43-7672\/22536, Fax: -15<br><img loading=\"lazy\" decoding=\"async\" src=\"http:\/\/www.dr-gubo.at\/images\/ico_email.gif\" alt=\"icon\" width=\"13\" height=\"9\">&nbsp;e-Mail:&nbsp;<a href=\"mailto:webmaster@dr-gubo.at\">webmaster@dr-gubo.at<\/a><\/p>\n\n\n\n<p>Mitglieder der&nbsp;<a href=\"http:\/\/www.aekooe.or.at\/\">\u00c4rztekammer f\u00fcr Ober\u00f6sterreich<\/a><br>Die T\u00e4tigkeit unterliegt dem&nbsp;<a href=\"http:\/\/www.ris.bka.gv.at\/bundesrecht\/\">\u00c4rztegesetz von 1998<\/a><\/p>\n\n\n\n<p><\/p>\n","protected":false},"excerpt":{"rendered":"<p>Datenschutzerkl\u00e4rungDiese Website wird betrieben von Dr. Friderike Gubo und Dr. Edgar Gubo, in der Folge \u201ewir\u201c genannt, mit Sitz in der M\u00fchlbachgasse 7, 4840 V\u00f6cklabruck, \u00d6sterreich. In dieser Datenschutzerkl\u00e4rung wird von uns als Verantwortlichem nach Art. 4 Abs. 7 EU-DSGVO beschrieben, welche Daten wir bei Ihrem Besuch auf unserer Website\u2026<\/p>\n<p> <a class=\"continue-reading-link\" href=\"https:\/\/www.dr-gubo.at\/cms\/index.php\/datenschutz\/\"><span>Lesen Sie bitte weiter&#8230;<\/span><i class=\"crycon-right-dir\"><\/i><\/a> <\/p>\n","protected":false},"author":1,"featured_media":0,"parent":0,"menu_order":0,"comment_status":"closed","ping_status":"closed","template":"","meta":{"footnotes":""},"class_list":["post-762","page","type-page","status-publish","hentry"],"jetpack_sharing_enabled":true,"_links":{"self":[{"href":"https:\/\/www.dr-gubo.at\/cms\/index.php\/wp-json\/wp\/v2\/pages\/762","targetHints":{"allow":["GET"]}}],"collection":[{"href":"https:\/\/www.dr-gubo.at\/cms\/index.php\/wp-json\/wp\/v2\/pages"}],"about":[{"href":"https:\/\/www.dr-gubo.at\/cms\/index.php\/wp-json\/wp\/v2\/types\/page"}],"author":[{"embeddable":true,"href":"https:\/\/www.dr-gubo.at\/cms\/index.php\/wp-json\/wp\/v2\/users\/1"}],"replies":[{"embeddable":true,"href":"https:\/\/www.dr-gubo.at\/cms\/index.php\/wp-json\/wp\/v2\/comments?post=762"}],"version-history":[{"count":2,"href":"https:\/\/www.dr-gubo.at\/cms\/index.php\/wp-json\/wp\/v2\/pages\/762\/revisions"}],"predecessor-version":[{"id":827,"href":"https:\/\/www.dr-gubo.at\/cms\/index.php\/wp-json\/wp\/v2\/pages\/762\/revisions\/827"}],"wp:attachment":[{"href":"https:\/\/www.dr-gubo.at\/cms\/index.php\/wp-json\/wp\/v2\/media?parent=762"}],"curies":[{"name":"wp","href":"https:\/\/api.w.org\/{rel}","templated":true}]}}