{"id":71,"date":"2016-02-15T15:35:15","date_gmt":"2016-02-15T14:35:15","guid":{"rendered":"http:\/\/www.dr-gubo.at\/cms\/?page_id=71"},"modified":"2016-12-14T16:13:20","modified_gmt":"2016-12-14T15:13:20","slug":"f-x-mayr","status":"publish","type":"page","link":"https:\/\/www.dr-gubo.at\/cms\/index.php\/f-x-mayr\/","title":{"rendered":"Therapie nach F.X. Mayr"},"content":{"rendered":"<p><img loading=\"lazy\" decoding=\"async\" class=\"alignnone size-full wp-image-463\" src=\"https:\/\/www.dr-gubo.at\/cms\/wp-content\/uploads\/2016\/02\/fx_kur.jpg\" alt=\"fx_kur\" width=\"1280\" height=\"350\" srcset=\"https:\/\/www.dr-gubo.at\/cms\/wp-content\/uploads\/2016\/02\/fx_kur.jpg 1280w, https:\/\/www.dr-gubo.at\/cms\/wp-content\/uploads\/2016\/02\/fx_kur-300x82.jpg 300w, https:\/\/www.dr-gubo.at\/cms\/wp-content\/uploads\/2016\/02\/fx_kur-768x210.jpg 768w, https:\/\/www.dr-gubo.at\/cms\/wp-content\/uploads\/2016\/02\/fx_kur-1024x280.jpg 1024w, https:\/\/www.dr-gubo.at\/cms\/wp-content\/uploads\/2016\/02\/fx_kur-250x68.jpg 250w, https:\/\/www.dr-gubo.at\/cms\/wp-content\/uploads\/2016\/02\/fx_kur-150x41.jpg 150w\" sizes=\"auto, (max-width: 1280px) 100vw, 1280px\" \/><\/p>\n<h4><strong>Was ist die Therapie nach F.X. Mayr?<\/strong><\/h4>\n<p>Viele Menschen leiden heute an den Folgen ihrer Ern\u00e4hrungsfehler und den damit verbundenen Beschwerden wie Bluthochdruck, Atemwegs- und Gelenkserkrankungen, M\u00fcdigkeit und erh\u00f6hter Infektionsanf\u00e4lligkeit.<br \/>\nMeist ist uns die Bedeutung der richtigen Ern\u00e4hrung und vor allem auch der richtigen Nahrungsaufnahme in diesem Zusammenhang nicht bewusst.<br \/>\nDie Gesundheit des Verdauungstraktes, dem Wurzelsystem der N\u00e4hrstoffaufnahme f\u00fcr den gesamten K\u00f6rper, entspricht jedoch unserem allgemeinen Gesundheitszustand.<br \/>\nDurch die Diagnostik nach F.X. Mayr k\u00f6nnen mit einfachen Handgriffen die Ver\u00e4nderungen der Haltung und der Beschaffenheit der Haut und Schleimh\u00e4uten deutlich gemacht werden, die einen Hinweis auf den Grad der Sch\u00e4digung der Verdauungsorgane geben.<br \/>\nIm Rahmen einer Kur nach F.X. Mayr werden Magen und Darm h\u00f6chst m\u00f6glich geschont, so dass eine Regeneration des Verdauungstraktes und damit eine verbesserte N\u00e4hrstoffaufnahme m\u00f6glich wird. Diese wird an den deutlich besseren Werten nach erneuter Beurteilung mittels F.X. Mayr Diagnostik f\u00fcr jeden Kurenden sichtbar.<\/p>\n<h4><strong>M\u00f6glichkeiten der Therapie nach F.X. Mayr<\/strong><\/h4>\n<p>Da durch die Therapie nach F.X. Mayr s\u00e4mtliche Organe beeinflusst werden, sind die M\u00f6glichkeiten sehr vielf\u00e4ltig. Neben einer allgemein vorbeugenden Wirkung k\u00f6nnen neben den oben genannten Beschwerden auch solche wie Migr\u00e4ne, Menstruationsbeschwerden, Hauterkrankungen u.\u00e4. vollst\u00e4ndig behoben werden oder zumindest eine deutliche Besserung erzielt werden. Durch die Entlastung des Bewegungsapparates &#8211; zum einen durch m\u00f6gliche Gewichtsabnahme bei \u00dcbergewichtigen, aber in jedem Fall durch erh\u00f6hte Eigenspannung des Darms &#8211; kommt es zu einer Verbesserung der Haltung und damit ebenfalls zur positiven Beeinflussung der Gesundheit.<\/p>\n<h4><strong>Ablauf einer Kur nach F.X. Mayr<\/strong><\/h4>\n<p>Nach ausf\u00fchrlicher Aufnahme des k\u00f6rperlichen Eingangsstatus und Erhebung der bisherigen Beschwerden, wird zusammen mit dem Kurenden ein Di\u00e4tplan erstellt, der nicht nur den Beschwerden, sondern auch den beruflichen und privaten Umst\u00e4nden des Kurenden angepasst ist.<br \/>\nW\u00e4hrend der Bauchbehandlungen (eine Art Lymphdrainage f\u00fcr die Verdauungsorgane), die anfangs drei Mal, sp\u00e4ter nur mehr ein bis zwei Mal pro Woche stattfinden, wird der Kurfortschritt beurteilt, evtl. Probleme besprochen und die Di\u00e4t angepasst.<\/p>\n<h4><strong>Ziel der Therapie nach F.X. Mayr<\/strong><\/h4>\n<p>Durch die Regeneration des Darms und der Verdauungsdr\u00fcsen sowie durch Entschlackung und Entgiftung allgemein kommt es zur Optimierung der N\u00e4hrstoffzufuhr s\u00e4mtlicher Organe. Das wiederum beugt Erkrankungen im Allgemeinen vor bzw. lindert oder beseitigt bereits eingetretene Erkrankungen. Im Laufe der Kur werden Sie sich Ihrer individuellen Fehler bei der Ern\u00e4hrung bewusst und erlernen ein neues Essverhalten. Da die Di\u00e4t in den letzen Wochen der Kur praktisch der Normalkost entspricht, f\u00e4llt Ihnen der \u00dcbergang in den Alltag nicht schwer.<\/p>\n<h4><strong>Literaturempfehlungen<\/strong><\/h4>\n<p>\u2022 Dr. Erich Rauch: Die Darmreinigung nach F.X. Mayr (Haug Verlag, ISBN 3-8304-2058-7)<br \/>\n\u2022 Dr. Erich Rauch, Peter Mayr: Milde Ableitungsdi\u00e4t (Haug Verlag, ISBN 3-8304-2047-1)<\/p>\n","protected":false},"excerpt":{"rendered":"<p>Was ist die Therapie nach F.X. Mayr? Viele Menschen leiden heute an den Folgen ihrer Ern\u00e4hrungsfehler und den damit verbundenen Beschwerden wie Bluthochdruck, Atemwegs- und Gelenkserkrankungen, M\u00fcdigkeit und erh\u00f6hter Infektionsanf\u00e4lligkeit. Meist ist uns die Bedeutung der richtigen Ern\u00e4hrung und vor allem auch der richtigen Nahrungsaufnahme in diesem Zusammenhang nicht bewusst.\u2026<\/p>\n<p> <a class=\"continue-reading-link\" href=\"https:\/\/www.dr-gubo.at\/cms\/index.php\/f-x-mayr\/\"><span>Lesen Sie bitte weiter&#8230;<\/span><i class=\"crycon-right-dir\"><\/i><\/a> <\/p>\n","protected":false},"author":1,"featured_media":0,"parent":0,"menu_order":0,"comment_status":"closed","ping_status":"closed","template":"templates\/template-onecolumn.php","meta":{"footnotes":""},"class_list":["post-71","page","type-page","status-publish","hentry"],"jetpack_sharing_enabled":true,"_links":{"self":[{"href":"https:\/\/www.dr-gubo.at\/cms\/index.php\/wp-json\/wp\/v2\/pages\/71","targetHints":{"allow":["GET"]}}],"collection":[{"href":"https:\/\/www.dr-gubo.at\/cms\/index.php\/wp-json\/wp\/v2\/pages"}],"about":[{"href":"https:\/\/www.dr-gubo.at\/cms\/index.php\/wp-json\/wp\/v2\/types\/page"}],"author":[{"embeddable":true,"href":"https:\/\/www.dr-gubo.at\/cms\/index.php\/wp-json\/wp\/v2\/users\/1"}],"replies":[{"embeddable":true,"href":"https:\/\/www.dr-gubo.at\/cms\/index.php\/wp-json\/wp\/v2\/comments?post=71"}],"version-history":[{"count":18,"href":"https:\/\/www.dr-gubo.at\/cms\/index.php\/wp-json\/wp\/v2\/pages\/71\/revisions"}],"predecessor-version":[{"id":472,"href":"https:\/\/www.dr-gubo.at\/cms\/index.php\/wp-json\/wp\/v2\/pages\/71\/revisions\/472"}],"wp:attachment":[{"href":"https:\/\/www.dr-gubo.at\/cms\/index.php\/wp-json\/wp\/v2\/media?parent=71"}],"curies":[{"name":"wp","href":"https:\/\/api.w.org\/{rel}","templated":true}]}}