{"id":68,"date":"2016-02-15T15:34:50","date_gmt":"2016-02-15T14:34:50","guid":{"rendered":"http:\/\/www.dr-gubo.at\/cms\/?page_id=68"},"modified":"2016-12-14T16:13:52","modified_gmt":"2016-12-14T15:13:52","slug":"akupunkt-massage","status":"publish","type":"page","link":"https:\/\/www.dr-gubo.at\/cms\/index.php\/akupunkt-massage\/","title":{"rendered":"Akupunktmassage nach Penzel"},"content":{"rendered":"<p><img loading=\"lazy\" decoding=\"async\" class=\"alignnone size-full wp-image-461\" src=\"https:\/\/www.dr-gubo.at\/cms\/wp-content\/uploads\/2016\/02\/akku.jpg\" alt=\"akku\" width=\"1280\" height=\"350\" srcset=\"https:\/\/www.dr-gubo.at\/cms\/wp-content\/uploads\/2016\/02\/akku.jpg 1280w, https:\/\/www.dr-gubo.at\/cms\/wp-content\/uploads\/2016\/02\/akku-300x82.jpg 300w, https:\/\/www.dr-gubo.at\/cms\/wp-content\/uploads\/2016\/02\/akku-768x210.jpg 768w, https:\/\/www.dr-gubo.at\/cms\/wp-content\/uploads\/2016\/02\/akku-1024x280.jpg 1024w, https:\/\/www.dr-gubo.at\/cms\/wp-content\/uploads\/2016\/02\/akku-250x68.jpg 250w, https:\/\/www.dr-gubo.at\/cms\/wp-content\/uploads\/2016\/02\/akku-150x41.jpg 150w\" sizes=\"auto, (max-width: 1280px) 100vw, 1280px\" \/><\/p>\n<p>Akupunktmassage nach Penzel (APM) beruht auf den Grundlagen der chinesischen Akupunktur. In der Akupunktur geht man davon aus, dass es neben den Organsystemen (Herz, Lunge, Magen, Darm &#8230;) auch ein Energiekreislaufsystem gibt, das die verschiedenen Organe miteinander verbindet. Sind diese Energiebahnen nicht frei durchg\u00e4ngig, wird die Energie gehindert zu den entsprechenden Organen zu flie\u00dfen. Es kommt auf der einen Seite zu Energiestau auf der anderen zu Energiemangel, was sich in vielf\u00e4ltigen Symptomen an den entsprechenden Organen auswirkt.<\/p>\n<p>Die Ursachen dieser mangelnden Durchg\u00e4ngigkeit sind unterschiedlich. Oft gehen Blockaden von der Wirbels\u00e4ule aus, manchmal auch von Narben im Gewebe. Es k\u00f6nnen aber auch \u00e4u\u00dfere Faktoren (z.B. k\u00f6rperliche \u00dcberanstrengungen, Temperatureinfl\u00fcsse oder psychische Belastungen) daf\u00fcr verantwortlich sein. Um diese Energieblockaden zu beheben und die Energie wieder ins Flie\u00dfen zu bringen, \u00a0werden die Energiebahnen am unbekleideten K\u00f6rper des Patienten mit einem Metallst\u00e4bchen nachgefahren. So wird f\u00fcr eine ausgeglichene Energieverteilung gesorgt.<\/p>\n<p>Je nach Auspr\u00e4gung der Beschwerde, sind unterschiedlich viele Behandlungen n\u00f6tig. Im Allgemeinen rechnet man mit ca. 6 Behandlungen in einem Zeitraum von 5 Wochen. Vorbeugend k\u00f6nnen auch einzelne Auffrischungsbehandlungen in einem gr\u00f6\u00dferen Zeitabstand sinnvoll sein.<\/p>\n<p>W\u00e4hrend der Behandlung mit Akupunktmassage sollten keine anderen energetischen Behandlungen durchgef\u00fchrt werden, da sich diese gegenseitig unwirksam machen k\u00f6nnen. Damit sind neben Hom\u00f6opathie, Akupunktur und anderen \u00f6stlichen Heilungsverfahren auch Therapien mit Strom, Laser, W\u00e4rme, Ultraschall bzw. alle Arten der Massage gemeint.<\/p>\n<p><strong>Hier einige Beispiele m\u00f6glicher Wirkungen der APM:<\/strong><\/p>\n<ul>\n<li>Linderung von Beschwerden des Bewegungsapparates<\/li>\n<li>Stabilisierung des Kreislaufes<\/li>\n<li>Besserung von Beschwerden im Verdauungs-und Urogenitaltrakt<\/li>\n<li>Behebung der Schlafprobleme<\/li>\n<li>Milderung depressiver Erscheinungen<\/li>\n<li>Schwangerschaftsbegleitung, Geburtsvorbereitung<\/li>\n<li>Generelle Vorbeugung von Energieblockaden und deren Beschwerden<\/li>\n<\/ul>\n","protected":false},"excerpt":{"rendered":"<p>Akupunktmassage nach Penzel (APM) beruht auf den Grundlagen der chinesischen Akupunktur. In der Akupunktur geht man davon aus, dass es neben den Organsystemen (Herz, Lunge, Magen, Darm &#8230;) auch ein Energiekreislaufsystem gibt, das die verschiedenen Organe miteinander verbindet. Sind diese Energiebahnen nicht frei durchg\u00e4ngig, wird die Energie gehindert zu den\u2026<\/p>\n<p> <a class=\"continue-reading-link\" href=\"https:\/\/www.dr-gubo.at\/cms\/index.php\/akupunkt-massage\/\"><span>Lesen Sie bitte weiter&#8230;<\/span><i class=\"crycon-right-dir\"><\/i><\/a> <\/p>\n","protected":false},"author":1,"featured_media":0,"parent":0,"menu_order":0,"comment_status":"closed","ping_status":"closed","template":"templates\/template-onecolumn.php","meta":{"footnotes":""},"class_list":["post-68","page","type-page","status-publish","hentry"],"jetpack_sharing_enabled":true,"_links":{"self":[{"href":"https:\/\/www.dr-gubo.at\/cms\/index.php\/wp-json\/wp\/v2\/pages\/68","targetHints":{"allow":["GET"]}}],"collection":[{"href":"https:\/\/www.dr-gubo.at\/cms\/index.php\/wp-json\/wp\/v2\/pages"}],"about":[{"href":"https:\/\/www.dr-gubo.at\/cms\/index.php\/wp-json\/wp\/v2\/types\/page"}],"author":[{"embeddable":true,"href":"https:\/\/www.dr-gubo.at\/cms\/index.php\/wp-json\/wp\/v2\/users\/1"}],"replies":[{"embeddable":true,"href":"https:\/\/www.dr-gubo.at\/cms\/index.php\/wp-json\/wp\/v2\/comments?post=68"}],"version-history":[{"count":11,"href":"https:\/\/www.dr-gubo.at\/cms\/index.php\/wp-json\/wp\/v2\/pages\/68\/revisions"}],"predecessor-version":[{"id":473,"href":"https:\/\/www.dr-gubo.at\/cms\/index.php\/wp-json\/wp\/v2\/pages\/68\/revisions\/473"}],"wp:attachment":[{"href":"https:\/\/www.dr-gubo.at\/cms\/index.php\/wp-json\/wp\/v2\/media?parent=68"}],"curies":[{"name":"wp","href":"https:\/\/api.w.org\/{rel}","templated":true}]}}