{"id":546,"date":"2016-12-23T12:05:50","date_gmt":"2016-12-23T11:05:50","guid":{"rendered":"http:\/\/www.dr-gubo.at\/cms\/?page_id=546"},"modified":"2017-01-17T13:21:51","modified_gmt":"2017-01-17T12:21:51","slug":"kontaktform","status":"publish","type":"page","link":"https:\/\/www.dr-gubo.at\/cms\/index.php\/kontaktform\/","title":{"rendered":"R\u00fcckmeldung"},"content":{"rendered":"<p style=\"text-align: center;\">Hier k\u00f6nnen Sie uns anyonym oder mit Namen Ihre Meinung sagen.<br \/>\nWir freuen uns \u00fcber konstruktive R\u00fcckmeldungen aller Art.<\/p>\n<p style=\"text-align: left;\"><div class='powr-contact-form' id='b0a60ac4_1484655047'><\/div><\/p>\n","protected":false},"excerpt":{"rendered":"<p>Hier k\u00f6nnen Sie uns anyonym oder mit Namen Ihre Meinung sagen. Wir freuen uns \u00fcber konstruktive R\u00fcckmeldungen aller Art.<\/p>\n<p> <a class=\"continue-reading-link\" href=\"https:\/\/www.dr-gubo.at\/cms\/index.php\/kontaktform\/\"><span>Lesen Sie bitte weiter&#8230;<\/span><i class=\"crycon-right-dir\"><\/i><\/a> <\/p>\n","protected":false},"author":1,"featured_media":0,"parent":0,"menu_order":0,"comment_status":"closed","ping_status":"closed","template":"templates\/template-onecolumn.php","meta":{"footnotes":""},"class_list":["post-546","page","type-page","status-publish","hentry"],"jetpack_sharing_enabled":true,"_links":{"self":[{"href":"https:\/\/www.dr-gubo.at\/cms\/index.php\/wp-json\/wp\/v2\/pages\/546","targetHints":{"allow":["GET"]}}],"collection":[{"href":"https:\/\/www.dr-gubo.at\/cms\/index.php\/wp-json\/wp\/v2\/pages"}],"about":[{"href":"https:\/\/www.dr-gubo.at\/cms\/index.php\/wp-json\/wp\/v2\/types\/page"}],"author":[{"embeddable":true,"href":"https:\/\/www.dr-gubo.at\/cms\/index.php\/wp-json\/wp\/v2\/users\/1"}],"replies":[{"embeddable":true,"href":"https:\/\/www.dr-gubo.at\/cms\/index.php\/wp-json\/wp\/v2\/comments?post=546"}],"version-history":[{"count":9,"href":"https:\/\/www.dr-gubo.at\/cms\/index.php\/wp-json\/wp\/v2\/pages\/546\/revisions"}],"predecessor-version":[{"id":562,"href":"https:\/\/www.dr-gubo.at\/cms\/index.php\/wp-json\/wp\/v2\/pages\/546\/revisions\/562"}],"wp:attachment":[{"href":"https:\/\/www.dr-gubo.at\/cms\/index.php\/wp-json\/wp\/v2\/media?parent=546"}],"curies":[{"name":"wp","href":"https:\/\/api.w.org\/{rel}","templated":true}]}}