{"id":210,"date":"2016-06-28T13:21:06","date_gmt":"2016-06-28T11:21:06","guid":{"rendered":"http:\/\/www.dr-gubo.at\/cms\/?page_id=210"},"modified":"2017-01-17T13:00:28","modified_gmt":"2017-01-17T12:00:28","slug":"raeumlichkeiten","status":"publish","type":"page","link":"https:\/\/www.dr-gubo.at\/cms\/index.php\/raeumlichkeiten\/","title":{"rendered":"R\u00e4umlichkeiten"},"content":{"rendered":"<p>Klicken Sie bitte auf die Bilder f\u00fcr eine Gr\u00f6\u00dfere Ansicht.<\/p>\n<div id=\"3231\">\n\t<div id=\"gallery_master_main_container_3231\" class=\"gallery_master_main_container\">\n\t\t\t<style type=\"text\/css\">\n\t@import url('https:\/\/fonts.googleapis.com\/css?family=Lato%3A700');\r\n@import url('https:\/\/fonts.googleapis.com\/css?family=Lato%3A300');\r\n\t\t#gallery_master_main_container_3231\t\t{\n\t\t\tdirection: ltr !important;\n\t\t}\n\t\t.gb-filter-holder_3231\t\t{\n\t\t\ttext-align: ;\n\t\t}\n\t\t.ux_div_empty_search_results_3231\t\t{\n\t\t\tdisplay:none;\n\t\t\ttext-align:center !important;\n\t\t\tclear:both !important;\n\t\t}\n\t\t\t\t\t#gallery_master_main_container_3231\t\t\t\t{\n\t\t\t\t\twidth: 100% !important;\n\t\t\t\t\tmax-width: 805px !important;\n\t\t\t\tfloat: left !important;\t\t\t\t}\n\t\t\t\t#gallery_title_container_3231 h2\t\t\t\t{\n\t\t\t\t\tline-height: 1.7 !important;\n\t\t\t\t\ttext-align: left !important;\n\t\t\t\t\tfont-size: 20px !important;\n\t\t\t\t\tcolor : #000000 !important;\n\t\t\t\t\tmargin: 10px 0px 10px 0px !important;\n\t\t\t\t\tpadding: 10px 0px 10px 0px !important;\n\t\t\t\t\tfont-family: 'Lato' !important;\r\n\tfont-weight: 700 !important;\t\t\t\t}\n\t\t\t\t#gallery_desc_container_3231 h3\t\t\t\t{\n\t\t\t\t\tline-height: 1.7 !important;\n\t\t\t\t\ttext-align: left !important;\n\t\t\t\t\tfont-size: 16px !important;\n\t\t\t\t\tcolor : #787D85 !important;\n\t\t\t\t\tmargin: 10px 0px 10px 0px !important;\n\t\t\t\t\tpadding: 0px 0px 10px 0px !important;\n\t\t\t\t\tfont-family: 'Lato' !important;\r\n\tfont-weight: 300 !important;\n\t\t\t\t}\n\t\t\t\t.grid_wrapper_item\n\t\t\t\t{\n\t\t\t\t\tdisplay: inline-block !important;\n\t\t\t\t\tvertical-align: top !important;\n\t\t\t\t\tmargin: 10px 10px 0px 0px !important;\n\t\t\t\t\tpadding: 0px 0px 0px 0px !important;\n\t\t\t\t\tbox-shadow: 0px 0px 0px 0px #000000 !important;\n\t\t\t\t\t-webkit-box-shadow: 0px 0px 0px 0px #000000 !important;\n\t\t\t\t\t-moz-box-shadow: 0px 0px 0px 0px #000000 !important;\n\t\t\t\t\toverflow: hidden !important;\n\t\t\t\t}\n\t\t\t\t#grid_layout_container_3231\t\t\t\t{\n\t\t\t\t\tclear: both !important;\n\t\t\t\t}\n\t\t\t\t.grid_item_image_3231\t\t\t\t{\n\t\t\t\t\topacity: 1 !important;\n\t\t\t\t\twidth: 250px !important;\n\t\t\t\t\theight: 200px !important;\n\t\t\t\t\tbackground-position: center center !important;\n\t\t\t\t\toverflow: hidden !important;\n\t\t\t\t\tborder: 0px none #000000 !important;\n\t\t\t\t\tborder-radius: 0px !important;\n\t\t\t\t\t-webkit-border-radius: 0px !important;\n\t\t\t\t\t-moz-border-radius: 0px !important;\n\t\t\t\t}\n\t\t\t\t.grid_item_image_3231 img\n\t\t\t\t{\n\t\t\t\t\tdisplay: none !important;\n\t\t\t\t}\n\t\t\t\t.grid_item_image_3231:hover\n\t\t\t\t{\n\t\t\t\t\ttransition: 1s !important;\n\t\t\t\t\ttransform : none !important;\n\t\t\t\t\tfilter: none;\n\t\t\t\t}\n\t\t\t\t.grid_content_item\n\t\t\t\t{\n\t\t\t\t\twidth: 250px !important;\n\t\t\t\t\t\t\t\t\t\tbackground: rgba(235,232,235,0.5) !important;\n\t\t\t\t\t\t\t\t\t}\n\t\t\t\t.grid_single_text_title h3\t\t\t\t{\n\t\t\t\t\tdisplay: block !important;\n\t\t\t\t\tline-height: 1.7 !important;\n\t\t\t\t\ttext-align: left !important;\n\t\t\t\t\tfont-size: 14px !important;\n\t\t\t\t\tcolor : #787D85 !important;\n\t\t\t\t\tmargin: 0px 5px 0px 5px !important;\n\t\t\t\t\tpadding: 10px 10px 10px 10px !important;\n\t\t\t\t\tfont-family: 'Lato' !important;\r\n\tfont-weight: 700 !important;\t\t\t\t}\n\t\t\t\t.grid_single_text_desc p\t\t\t\t{\n\t\t\t\t\tdisplay: block !important;\n\t\t\t\t\tline-height: 1.7 !important;\n\t\t\t\t\ttext-align: left !important;\n\t\t\t\t\tfont-size: 12px !important;\n\t\t\t\t\tcolor : #787D85 !important;\n\t\t\t\t\tmargin: 0px 5px 0px 5px !important;\n\t\t\t\t\tpadding: 5px 10px 10px 5px !important;\n\t\t\t\t\tfont-family: 'Lato' !important;\r\n\tfont-weight: 300 !important;\t\t\t\t}\n\t\t\t\t\t<\/style>\n\t\t\t\t\t\t<div id=\"gallery_title_container_3231\" class=\"gallery_title_container\">\n\t\t\t\t\t\t<h2>\n\t\t\t\t\t\t\tR\u00e4umlichkeiten\t\t\t\t\t\t<\/h2>\n\t\t\t\t\t<\/div>\n\t\t\t\t\t<script type=\"text\/javascript\">\n\tvar ajaxurl = \"https:\/\/www.dr-gubo.at\/cms\/wp-admin\/admin-ajax.php\";\n\tvar global_options_right_click_protection = \"disable\";\n\tvar animation_effect = \"\";\n\n\tif (typeof (call_gallery_master_layout_type_3231) !== \"function\")\n\t{\n\t\t\/**\n\t\t* This function is used for Layouts.\n\t\t*\/\n\t\tfunction call_gallery_master_layout_type_3231()\n\t\t{\n\t\t\t\t\t}\n\t}\n\tif (typeof (call_gallery_master_lightbox_3231) !== \"function\")\n\t{\n\t\t\/**\n\t\t* This function is used for Lightboxes.\n\t\t*\n\t\t* @param string lightbox_type .\n\t\t*\n\t\t*\/\n\t\tfunction call_gallery_master_lightbox_3231(lightbox_type)\n\t\t{\n\t\t\tswitch (lightbox_type)\n\t\t\t{\n\t\t\t\tcase \"foo_box_free_edition\":\n\t\t\t\t\t\t\t\t\t\t\tvar showCount_settings = 1;\n\t\t\t\t\t\tvar closeOnOverlayClick = 1;\n\t\t\t\t\t\tvar hideScrollbars = 1;\n\t\t\t\t\t\tvar onlyShowOnHover = 1;\n\t\t\t\t\t\t(function (FOOBOX, $)\n\t\t\t\t\t\t{\n\t\t\t\t\t\t\tFOOBOX.init = function () {\n\t\t\t\t\t\t\t\tFOOBOX.o = {\n\t\t\t\t\t\t\t\t\tshowCount: showCount_settings,\n\t\t\t\t\t\t\t\t\tcloseOnOverlayClick: closeOnOverlayClick,\n\t\t\t\t\t\t\t\t\thideScrollbars: hideScrollbars,\n\t\t\t\t\t\t\t\t\tcaptions:\n\t\t\t\t\t\t\t\t\t{\n\t\t\t\t\t\t\t\t\t\tonlyShowOnHover: onlyShowOnHover,\n\t\t\t\t\t\t\t\t\t\toverrideTitle: true,\n\t\t\t\t\t\t\t\t\t\ttitleSource: 'anchor',\n\t\t\t\t\t\t\t\t\t\toverrideDesc: true,\n\t\t\t\t\t\t\t\t\t\tdescSource: 'anchor'\n\t\t\t\t\t\t\t\t\t}\n\t\t\t\t\t\t\t\t};\n\t\t\t\t\t\t\t\t$(\".foobox\").foobox(FOOBOX.o);\n\t\t\t\t\t\t\t};\n\t\t\t\t\t\t}(window.FOOBOX = window.FOOBOX || {}, jQuery));\n\t\t\t\t\t\tjQuery(function ($)\n\t\t\t\t\t\t{\n\t\t\t\t\t\t\tFOOBOX.init();\n\t\t\t\t\t\t});\n\t\t\t\t\t\t\t\t\t\t\tbreak;\n\t\t\t}\n\t\t}\n\t}\n\tjQuery(document).ready(function ()\n\t{\n\t\tif (animation_effect !== \"none\")\n\t\t{\n\t\t\tjQuery(\".gm_animate\").scrolla_gb();\n\t\t}\n\t\tif (global_options_right_click_protection === \"enable\") {\n\t\t\tjQuery(\"#gallery_master_main_container_3231\").on(\"contextmenu\", function (e)\n\t\t\t{\n\t\t\t\treturn false;\n\t\t\t});\n\t\t}\n\t\tcall_gallery_master_layout_type_3231();\n\t\tcall_gallery_master_lightbox_3231(\"lightcase\");\n});\n<\/script>\n\t\t\t\t<div id=\"grid_layout_container_3231\">\n\t\t\t\t<div id=\"control_container_3231\" class=\"grid_layout_container\">\n\t\t\t\t\t<div id=\"grid_wrapper_item_3231_25\" class=\"grid_wrapper_item gm_animate\"  data-animate=\"\" data-duration=\"1.0s\" data-delay=\"0.1s\" data-offset=\"100\">\n\t\t\t\t\t\t\t\t<div id=\"grid_item_image_3231_25\" class=\"grid_item_image_3231 \" style=\"background:url('https:\/\/www.dr-gubo.at\/cms\/wp-content\/gallery-master\/thumbs-non-cropped\/o_1b4jca0ua14uvvhedvn123r10fkf.jpg');background-size:100% 100% !important;\">\n\t\t\t\t\t<img decoding=\"async\" src=\"https:\/\/www.dr-gubo.at\/cms\/wp-content\/gallery-master\/thumbs-non-cropped\/o_1b4jca0ua14uvvhedvn123r10fkf.jpg\" image_full_path=\"image\" alt=\"\" id=\"ux_gm_file\" name= \"ux_gm_file_3231_25\"\/>\n\t\t\t\t<\/div>\n\t\t\t<\/a>\n\t\t\t\t\t\t\t\t<div id=\"grid_content_item\" class=\"grid_content_item\">\n\t\t\t\t\t\t\t\t\t\t\t<div id=\"grid_single_text_title_3231_25\" class=\"grid_single_text_title\">\n\t\t\t\t\t\t\t<h3>\n\t\t\t\t\t\t\tWartezimmer\t\t\t\t\t\t\t<\/h3>\n\t\t\t\t\t\t<\/div>\n\t\t\t\t\t\t\t\t\t\t<\/div>\n\t\t\t\t\t\t\t<\/div>\n\t\t\t\t\t\t\t\t<div id=\"grid_wrapper_item_3231_26\" class=\"grid_wrapper_item gm_animate\"  data-animate=\"\" data-duration=\"1.0s\" data-delay=\"0.1s\" data-offset=\"100\">\n\t\t\t\t\t\t\t\t<div id=\"grid_item_image_3231_26\" class=\"grid_item_image_3231 \" style=\"background:url('https:\/\/www.dr-gubo.at\/cms\/wp-content\/gallery-master\/thumbs-non-cropped\/o_1b4jca0ua1021fi4hm31o1e1dfpg.jpg');background-size:100% 100% !important;\">\n\t\t\t\t\t<img decoding=\"async\" src=\"https:\/\/www.dr-gubo.at\/cms\/wp-content\/gallery-master\/thumbs-non-cropped\/o_1b4jca0ua1021fi4hm31o1e1dfpg.jpg\" image_full_path=\"image\" alt=\"\" id=\"ux_gm_file\" name= \"ux_gm_file_3231_26\"\/>\n\t\t\t\t<\/div>\n\t\t\t<\/a>\n\t\t\t\t\t\t\t\t<div id=\"grid_content_item\" class=\"grid_content_item\">\n\t\t\t\t\t\t\t\t\t\t\t<div id=\"grid_single_text_title_3231_26\" class=\"grid_single_text_title\">\n\t\t\t\t\t\t\t<h3>\n\t\t\t\t\t\t\tWartezimmer\t\t\t\t\t\t\t<\/h3>\n\t\t\t\t\t\t<\/div>\n\t\t\t\t\t\t\t\t\t\t<\/div>\n\t\t\t\t\t\t\t<\/div>\n\t\t\t\t\t\t\t\t<div id=\"grid_wrapper_item_3231_27\" class=\"grid_wrapper_item gm_animate\"  data-animate=\"\" data-duration=\"1.0s\" data-delay=\"0.1s\" data-offset=\"100\">\n\t\t\t\t\t\t\t\t<div id=\"grid_item_image_3231_27\" class=\"grid_item_image_3231 \" style=\"background:url('https:\/\/www.dr-gubo.at\/cms\/wp-content\/gallery-master\/thumbs-non-cropped\/o_1b4jca0uakohmtnu2814111cgah.jpg');background-size:100% 100% !important;\">\n\t\t\t\t\t<img decoding=\"async\" src=\"https:\/\/www.dr-gubo.at\/cms\/wp-content\/gallery-master\/thumbs-non-cropped\/o_1b4jca0uakohmtnu2814111cgah.jpg\" image_full_path=\"image\" alt=\"\" id=\"ux_gm_file\" name= \"ux_gm_file_3231_27\"\/>\n\t\t\t\t<\/div>\n\t\t\t<\/a>\n\t\t\t\t\t\t\t\t<div id=\"grid_content_item\" class=\"grid_content_item\">\n\t\t\t\t\t\t\t\t\t\t\t<div id=\"grid_single_text_title_3231_27\" class=\"grid_single_text_title\">\n\t\t\t\t\t\t\t<h3>\n\t\t\t\t\t\t\tDr. Friderike Gubo\t\t\t\t\t\t\t<\/h3>\n\t\t\t\t\t\t<\/div>\n\t\t\t\t\t\t\t\t\t\t<\/div>\n\t\t\t\t\t\t\t<\/div>\n\t\t\t\t\t\t\t\t<div id=\"grid_wrapper_item_3231_28\" class=\"grid_wrapper_item gm_animate\"  data-animate=\"\" data-duration=\"1.0s\" data-delay=\"0.1s\" data-offset=\"100\">\n\t\t\t\t\t\t\t\t<div id=\"grid_item_image_3231_28\" class=\"grid_item_image_3231 \" style=\"background:url('https:\/\/www.dr-gubo.at\/cms\/wp-content\/gallery-master\/thumbs-non-cropped\/o_1b4jca0uabeutcja7711tpkvgi.jpg');background-size:100% 100% !important;\">\n\t\t\t\t\t<img decoding=\"async\" src=\"https:\/\/www.dr-gubo.at\/cms\/wp-content\/gallery-master\/thumbs-non-cropped\/o_1b4jca0uabeutcja7711tpkvgi.jpg\" image_full_path=\"image\" alt=\"\" id=\"ux_gm_file\" name= \"ux_gm_file_3231_28\"\/>\n\t\t\t\t<\/div>\n\t\t\t<\/a>\n\t\t\t\t\t\t\t\t<div id=\"grid_content_item\" class=\"grid_content_item\">\n\t\t\t\t\t\t\t\t\t\t\t<div id=\"grid_single_text_title_3231_28\" class=\"grid_single_text_title\">\n\t\t\t\t\t\t\t<h3>\n\t\t\t\t\t\t\tDr. Friderike Gubo\t\t\t\t\t\t\t<\/h3>\n\t\t\t\t\t\t<\/div>\n\t\t\t\t\t\t\t\t\t\t<\/div>\n\t\t\t\t\t\t\t<\/div>\n\t\t\t\t\t\t\t\t<div id=\"grid_wrapper_item_3231_29\" class=\"grid_wrapper_item gm_animate\"  data-animate=\"\" data-duration=\"1.0s\" data-delay=\"0.1s\" data-offset=\"100\">\n\t\t\t\t\t\t\t\t<div id=\"grid_item_image_3231_29\" class=\"grid_item_image_3231 \" style=\"background:url('https:\/\/www.dr-gubo.at\/cms\/wp-content\/gallery-master\/thumbs-non-cropped\/o_1b4jca0ua8k21s9l1e511td112e8j.jpg');background-size:100% 100% !important;\">\n\t\t\t\t\t<img decoding=\"async\" src=\"https:\/\/www.dr-gubo.at\/cms\/wp-content\/gallery-master\/thumbs-non-cropped\/o_1b4jca0ua8k21s9l1e511td112e8j.jpg\" image_full_path=\"image\" alt=\"\" id=\"ux_gm_file\" name= \"ux_gm_file_3231_29\"\/>\n\t\t\t\t<\/div>\n\t\t\t<\/a>\n\t\t\t\t\t\t\t\t<div id=\"grid_content_item\" class=\"grid_content_item\">\n\t\t\t\t\t\t\t\t\t\t\t<div id=\"grid_single_text_title_3231_29\" class=\"grid_single_text_title\">\n\t\t\t\t\t\t\t<h3>\n\t\t\t\t\t\t\tDr. Edgar Gubo\t\t\t\t\t\t\t<\/h3>\n\t\t\t\t\t\t<\/div>\n\t\t\t\t\t\t\t\t\t\t<\/div>\n\t\t\t\t\t\t\t<\/div>\n\t\t\t\t\t\t\t\t<div id=\"grid_wrapper_item_3231_30\" class=\"grid_wrapper_item gm_animate\"  data-animate=\"\" data-duration=\"1.0s\" data-delay=\"0.1s\" data-offset=\"100\">\n\t\t\t\t\t\t\t\t<div id=\"grid_item_image_3231_30\" class=\"grid_item_image_3231 \" style=\"background:url('https:\/\/www.dr-gubo.at\/cms\/wp-content\/gallery-master\/thumbs-non-cropped\/o_1b4jca0ua1kdkrt01rd01b4e1up4k.jpg');background-size:100% 100% !important;\">\n\t\t\t\t\t<img decoding=\"async\" src=\"https:\/\/www.dr-gubo.at\/cms\/wp-content\/gallery-master\/thumbs-non-cropped\/o_1b4jca0ua1kdkrt01rd01b4e1up4k.jpg\" image_full_path=\"image\" alt=\"\" id=\"ux_gm_file\" name= \"ux_gm_file_3231_30\"\/>\n\t\t\t\t<\/div>\n\t\t\t<\/a>\n\t\t\t\t\t\t\t\t<div id=\"grid_content_item\" class=\"grid_content_item\">\n\t\t\t\t\t\t\t\t\t\t\t<div id=\"grid_single_text_title_3231_30\" class=\"grid_single_text_title\">\n\t\t\t\t\t\t\t<h3>\n\t\t\t\t\t\t\tDr. Edgar Gubo\t\t\t\t\t\t\t<\/h3>\n\t\t\t\t\t\t<\/div>\n\t\t\t\t\t\t\t\t\t\t<\/div>\n\t\t\t\t\t\t\t<\/div>\n\t\t\t\t\t\t\t\t<div id=\"grid_wrapper_item_3231_31\" class=\"grid_wrapper_item gm_animate\"  data-animate=\"\" data-duration=\"1.0s\" data-delay=\"0.1s\" data-offset=\"100\">\n\t\t\t\t\t\t\t\t<div id=\"grid_item_image_3231_31\" class=\"grid_item_image_3231 \" style=\"background:url('https:\/\/www.dr-gubo.at\/cms\/wp-content\/gallery-master\/thumbs-non-cropped\/o_1b6m4cl9bjvg1s901gak1d6e1s8fa.jpg');background-size:100% 100% !important;\">\n\t\t\t\t\t<img decoding=\"async\" src=\"https:\/\/www.dr-gubo.at\/cms\/wp-content\/gallery-master\/thumbs-non-cropped\/o_1b6m4cl9bjvg1s901gak1d6e1s8fa.jpg\" image_full_path=\"image\" alt=\"\" id=\"ux_gm_file\" name= \"ux_gm_file_3231_31\"\/>\n\t\t\t\t<\/div>\n\t\t\t<\/a>\n\t\t\t\t\t\t\t\t<div id=\"grid_content_item\" class=\"grid_content_item\">\n\t\t\t\t\t\t\t\t\t\t\t<div id=\"grid_single_text_title_3231_31\" class=\"grid_single_text_title\">\n\t\t\t\t\t\t\t<h3>\n\t\t\t\t\t\t\tWC\t\t\t\t\t\t\t<\/h3>\n\t\t\t\t\t\t<\/div>\n\t\t\t\t\t\t\t\t\t\t<\/div>\n\t\t\t\t\t\t\t<\/div>\n\t\t\t\t\t\t\t\t<div id=\"grid_wrapper_item_3231_32\" class=\"grid_wrapper_item gm_animate\"  data-animate=\"\" data-duration=\"1.0s\" data-delay=\"0.1s\" data-offset=\"100\">\n\t\t\t\t\t\t\t\t<div id=\"grid_item_image_3231_32\" class=\"grid_item_image_3231 \" style=\"background:url('https:\/\/www.dr-gubo.at\/cms\/wp-content\/gallery-master\/thumbs-non-cropped\/o_1b6m4pohq1ldk1hidrmiombnpva.jpg');background-size:100% 100% !important;\">\n\t\t\t\t\t<img decoding=\"async\" src=\"https:\/\/www.dr-gubo.at\/cms\/wp-content\/gallery-master\/thumbs-non-cropped\/o_1b6m4pohq1ldk1hidrmiombnpva.jpg\" image_full_path=\"image\" alt=\"\" id=\"ux_gm_file\" name= \"ux_gm_file_3231_32\"\/>\n\t\t\t\t<\/div>\n\t\t\t<\/a>\n\t\t\t\t\t\t\t\t<div id=\"grid_content_item\" class=\"grid_content_item\">\n\t\t\t\t\t\t\t\t\t\t\t<div id=\"grid_single_text_title_3231_32\" class=\"grid_single_text_title\">\n\t\t\t\t\t\t\t<h3>\n\t\t\t\t\t\t\tEingang\t\t\t\t\t\t\t<\/h3>\n\t\t\t\t\t\t<\/div>\n\t\t\t\t\t\t\t\t\t\t<\/div>\n\t\t\t\t\t\t\t<\/div>\n\t\t\t\t<\/div>\n\t\t<\/div>\n\t<\/div>\n<\/div>\n\n<h4><strong>Barrierefreiheit<\/strong><\/h4>\n<p>Selbstverst\u00e4ndlich wollen wir Menschen mit k\u00f6rperlichen oder psychischen Einschr\u00e4nkungen oder Behinderungen den Zugang und Aufenthalt in der Ordination angenehm gestalten. Neben der barrierefreien Gestaltung der Ordination und unserer Webseite nehmen wir schon bei der Anmeldung und beim Empfang R\u00fccksicht auf besondere Bed\u00fcrfnisse. Scheuen Sie sich nicht dies anzusprechen.<\/p>\n<p>N\u00e4here Details \u00fcber Anfahrt, Zugang, Eingang und WC mit genauen Ma\u00dfangaben in unserer Ordination erhalten Sie unter <a href=\"http:\/\/www.arztbarrierefrei.at\/details.xml?review=4560&amp;medic=13353&amp;ixn=68ca5b8b:1583efde07a:-6281\" target=\"_blank\">www.barrierefrei.at<\/a><\/p>\n<p>&nbsp;<\/p>\n","protected":false},"excerpt":{"rendered":"<p>Klicken Sie bitte auf die Bilder f\u00fcr eine Gr\u00f6\u00dfere Ansicht. Barrierefreiheit Selbstverst\u00e4ndlich wollen wir Menschen mit k\u00f6rperlichen oder psychischen Einschr\u00e4nkungen oder Behinderungen den Zugang und Aufenthalt in der Ordination angenehm gestalten. Neben der barrierefreien Gestaltung der Ordination und unserer Webseite nehmen wir schon bei der Anmeldung und beim Empfang R\u00fccksicht\u2026<\/p>\n<p> <a class=\"continue-reading-link\" href=\"https:\/\/www.dr-gubo.at\/cms\/index.php\/raeumlichkeiten\/\"><span>Lesen Sie bitte weiter&#8230;<\/span><i class=\"crycon-right-dir\"><\/i><\/a> <\/p>\n","protected":false},"author":1,"featured_media":0,"parent":0,"menu_order":0,"comment_status":"closed","ping_status":"closed","template":"templates\/template-onecolumn.php","meta":{"footnotes":""},"class_list":["post-210","page","type-page","status-publish","hentry"],"jetpack_sharing_enabled":true,"_links":{"self":[{"href":"https:\/\/www.dr-gubo.at\/cms\/index.php\/wp-json\/wp\/v2\/pages\/210","targetHints":{"allow":["GET"]}}],"collection":[{"href":"https:\/\/www.dr-gubo.at\/cms\/index.php\/wp-json\/wp\/v2\/pages"}],"about":[{"href":"https:\/\/www.dr-gubo.at\/cms\/index.php\/wp-json\/wp\/v2\/types\/page"}],"author":[{"embeddable":true,"href":"https:\/\/www.dr-gubo.at\/cms\/index.php\/wp-json\/wp\/v2\/users\/1"}],"replies":[{"embeddable":true,"href":"https:\/\/www.dr-gubo.at\/cms\/index.php\/wp-json\/wp\/v2\/comments?post=210"}],"version-history":[{"count":23,"href":"https:\/\/www.dr-gubo.at\/cms\/index.php\/wp-json\/wp\/v2\/pages\/210\/revisions"}],"predecessor-version":[{"id":558,"href":"https:\/\/www.dr-gubo.at\/cms\/index.php\/wp-json\/wp\/v2\/pages\/210\/revisions\/558"}],"wp:attachment":[{"href":"https:\/\/www.dr-gubo.at\/cms\/index.php\/wp-json\/wp\/v2\/media?parent=210"}],"curies":[{"name":"wp","href":"https:\/\/api.w.org\/{rel}","templated":true}]}}